d by f.
5
What is the remainder when 185/3 + (-2)/(-6) is divided by 16?
14
Let d(b) = -b**2 + 1. Let i(p) = -p**2 - 11*p - 7. Let r(g) = 2*d(g) - i(g). What is the remainder when 54 is divided by r(10)?
16
Suppose 0*p = 2*p - 2. Let k be p - (-2 + 1) - -20. Let h = k + 9. Calculate the remainder when h is divided by 8.
7
Suppose y + 0 = 38. Calculate the remainder when y is divided by 8.
6
Let q = 0 - -9. Let y(n) = -n + 7. Let l be y(5). Suppose l*c - 34 = -0*c. What is the remainder when c is divided by q?
8
Let l(n) = -n**2 + 7*n + 9. Let k be l(7). Let d(c) = -c**3 + 10*c**2 - 9*c + 7. Suppose 5*y - 26 = 34. What is the remainder when y is divided by d(k)?
5
Suppose -3*r - 1 = 2, 0 = d - 4*r - 4. Suppose a = -d*a + 2. Let k = -5 - -7. What is the remainder when k is divided by a?
0
Let k = 137 - 71. Suppose -5*c = 16 - 1, -3*t + k = -2*c. Calculate the remainder when 79 is divided by t.
19
Let s = -134 - -222. Suppose 4*k = -2*h - 2*h + 732, 2*h = k + 357. Suppose 2*d = 5*l - h, 0*l + 4*d + s = 2*l. What is the remainder when l is divided by 12?
10
Suppose j + j = 28. Calculate the remainder when 27 is divided by j.
13
Suppose 3*v = -3*a - a + 74, 4*a = 5*v - 166. Suppose 4*y - 28 = -b + 4, -3*b + 32 = -4*y. Calculate the remainder when v is divided by b.
14
Let n(d) = -d**2 + 5*d + 1. Let q = 6 - -3. Calculate the remainder when q is divided by n(4).
4
Let d be 1 + (111 - 0/(-1)). Suppose 3*h - 142 = 5*a, -4*h = -h + a - d. Calculate the remainder when 2/5*(1 + h) is divided by 9.
7
Let z(u) = -4*u + 4 + u + u. Calculate the remainder when z(-8) is divided by 7.
6
Suppose -3*p + 21 = h + h, 14 = 2*p - 3*h. Calculate the remainder when (-20 + 46)*2*1/4 is divided by p.
6
Calculate the remainder when 259 is divided by -2 - (7/(-14))/(1/134).
64
Let v = -5 - -15. Suppose 4*p = -2*g + 62, 3*g = -2*p + 79 + v. Calculate the remainder when g is divided by 107/7 - (-4)/(-14).
14
Suppose 3*z + 2*x + 67 = 305, 294 = 4*z - 2*x. Suppose 8 = 4*y - z. What is the remainder when 70 is divided by 510/y + 2/(-7)?
22
Let q(v) = 7*v**3 - 3*v**2 + 6*v + 1. Let p(a) = -8*a**3 + 4*a**2 - 7*a - 1. Let i(w) = -4*p(w) - 5*q(w). What is the remainder when 67 is divided by i(-2)?
21
Let b(t) = 11*t**3 - 2*t**2 + 1. Calculate the remainder when 57 is divided by b(1).
7
Let p = -6 + 11. Suppose 0 = w + h - 9, -1 = p*w + 2*h - 40. Calculate the remainder when w is divided by 3.
1
Let g(x) = x**3 + 6*x**2 + 5*x - 3. Suppose 4*d = 5*h + 179, 0*d - 4*h = -2*d + 82. Suppose -t - d = -4*t. What is the remainder when t is divided by g(-4)?
8
Suppose 0 = 3*x - 5*x + 18. Calculate the remainder when 14 is divided by x.
5
Calculate the remainder when 130 is divided by (-2106)/(-72) - (-10)/(-8).
18
Let s = 18 + -7. Let v = 67 - 35. Calculate the remainder when v is divided by s.
10
Suppose 2*y = -2*y + 12. Suppose -18 = -5*o - 4*d, 33 = 3*o - 0*o - 5*d. Let p = o + y. Calculate the remainder when p is divided by 5.
4
Let s(u) be the first derivative of u**4/4 + u**2/2 + 37*u + 1. Suppose 69 = 5*v + l, 5*v - 49 = -0*v + 4*l. What is the remainder when s(0) is divided by v?
11
Let y = 5 - 3. Suppose -76 - y = 3*v. Let h = -12 - v. What is the remainder when h is divided by 5?
4
Let q(a) = -7*a + a + 1 - 3*a + 5*a. Let h = 6 - 9. What is the remainder when 38 is divided by q(h)?
12
Suppose 4*d - 4*s - 1 = 3, -6 = 3*s. Let x be 55 - (d/(-1) - 2). Suppose 3*p - 5*l = x, -3*p = 3*l - 10 - 14. Calculate the remainder when 47 is divided by p.
11
Let x(w) = w**3 - 6*w**2 - 4*w + 6. Let l(d) = 2*d**2 + d + 1. Let i be l(-2). What is the remainder when x(i) is divided by 14?
13
Let n = 61 + -101. Let u = n + 71. Calculate the remainder when u is divided by 11.
9
Let q = 12 - 7. Let t be 3*(-2 + 1)*8. Calculate the remainder when q*(-3)/(45/t) is divided by 3.
2
Suppose -66 = 4*a - 7*a. Let i(q) = -q**3 - 3*q**2 - 6*q - 6. Calculate the remainder when a is divided by i(-3).
10
Let y = 161 - 92. Suppose -5*d + 171 = -x, 5*d - y = 3*d + x. What is the remainder when 65 is divided by d?
31
Suppose 5*u = -3*n + 34, -4*n - 9 - 15 = -2*u. Suppose -22 = -m + 2*x, 3*m - 80 = -x + 14. What is the remainder when m is divided by u?
6
Let a(h) = 2*h**2 + 5. Calculate the remainder when a(6) is divided by 17.
9
What is the remainder when 101 is divided by (-8 + 1)/(2/(-6))?
17
Suppose 3*f = 8*f + 40. Let y(i) = -i**3 - 7*i**2 + 7*i - 4. Suppose 4*d = 2*d - 3*z - 9, 0 = -5*d - 3*z. What is the remainder when y(f) is divided by d?
1
Let r(x) = -13*x**3 + 1. Let w be r(-1). Suppose 0*u - w = -u. Calculate the remainder when 25 is divided by u.
11
Suppose p + 21 = 2*p. Calculate the remainder when 8 + p + (-4 - -1) is divided by 15.
11
Let i be (-12)/42 - (-149)/7. Suppose -4*o + i + 3 = 0. What is the remainder when 11 is divided by o?
5
Let m = 0 - -3. Suppose -35 = -4*a - m*f, -a - 2*f + 20 = a. Let k = a - 2. What is the remainder when k is divided by 2?
1
Suppose -n - 4*t = -43, 0*n + 157 = 3*n - 2*t. What is the remainder when n is divided by 13?
12
Suppose -5*n - c - 20 = 0, 2*n - 25 = 3*n - 4*c. Let t = n - -9. What is the remainder when t is divided by 2?
0
Let z = 0 + 2. Suppose -f + z*f - r - 41 = 0, 2*f + 4*r - 64 = 0. What is the remainder when f is divided by 1/4 - 237/(-12)?
18
Suppose a + 216 = 4*a. Suppose 5*d + 7 = a. Let s = -343 - -368. Calculate the remainder when s is divided by d.
12
Let k(b) = -2*b**2 + 35*b + 21. Suppose m + 2*v = 4*m + 16, -2*m = -5*v + 18. Let h = -2 - m. Calculate the remainder when k(18) is divided by h.
1
Let m(s) = -5*s + 1. Let h be m(1). Calculate the remainder when -5*(-7 - -2 - -3) is divided by (-1)/(-2) + (-14)/h.
2
Calculate the remainder when 95 is divided by (4 - (-2 + 3)) + 5.
7
Let f(x) = 3*x - 7 - 2*x + x - x. Calculate the remainder when 19 is divided by f(18).
8
Let h(v) = v**2 - 9*v - 8. Let q be h(10). Suppose 3*m - 71 = q*m. Calculate the remainder when m is divided by 18.
17
Let b(p) = -p**3 + 9*p**2 + 2*p + 21. What is the remainder when b(9) is divided by 14?
11
Let q(t) = 12*t**3 + t**2. Let b = -41 - -90. Calculate the remainder when b is divided by q(1).
10
Let j(b) = -b. Let q(z) = z. Let m(k) = -5*j(k) - 7*q(k). What is the remainder when 2 is divided by m(-1)?
0
Suppose -2 + 11 = -3*i, -i + 51 = 2*y. Calculate the remainder when y is divided by (-6)/(-15) - 68/(-5).
13
Let z be 6/4 - (-9)/6. Suppose 0 = 5*y + z*b - 346, b - 70 = y - 2*y. Suppose -2*h + y = 2*h. What is the remainder when h is divided by 9?
8
Suppose -4*g - g = -55. Calculate the remainder when 43 is divided by g.
10
Let p(g) = 21*g + 1. Suppose 0 = 3*b + c - 16, c - 2*c + 22 = 4*b. Calculate the remainder when p(1) is divided by b.
4
What is the remainder when 13 is divided by 1 - 1/1*-7?
5
Suppose -22*v = -18*v - 80. What is the remainder when v is divided by -1 - -3 - (-4 + -1)?
6
Suppose u - q + 8 = -6*q, 0 = 3*u - q - 8. Suppose -u*t + 71 + 5 = 0. Calculate the remainder when t is divided by 13.
12
Let k = 96 + -8. Suppose -3*d + 2*i = -k, i - 5*i - 16 = -d. Suppose 4*u + 3*j - 83 = 0, -u = -j + 5*j - 37. What is the remainder when d is divided by u?
15
Let k = 7 - 7. Suppose k = 3*z - 9, 2*u + 4*z - 29 - 11 = 0. Calculate the remainder when u is divided by 8.
6
Suppose 2*m + 2*a = 66, 5*a - 46 - 43 = -3*m. Let j = m + -4. What is the remainder when j is divided by (24/(-14))/((-3)/21)?
10
Let y(d) = d**3 - 3*d**2 - 6*d + 6. Let w be y(4). Calculate the remainder when 35 is divided by 1 + 19 + w + 0.
17
Let o = 0 - -3. Let r(i) = 2 + 4*i**2 + 5*i**3 - o - 2*i**2. What is the remainder when r(1) is divided by 4?
2
Suppose 5*c - 2 + 0 = -4*j, -5*j + 15 = 0. Calculate the remainder when 85 is divided by -55*(-4)/(-20)*c.
19
Calculate the remainder when 195 is divided by (33/5)/(4/20).
30
Let j = 16 - 4. Calculate the remainder when j is divided by -2 + 1 + 0 - -6.
2
Calculate the remainder when (-2)/(-3) + (-580)/(-12) is divided by 26.
23
Let p(o) = -o + 36. What is the remainder when p(13) is divided by (-2 + 2)/(-3) - -6?
5
Let w(r) be the third derivative of -r**4/6 - 4*r**3/3 + 2*r**2. Let l(x) = x**3 + 7*x**2 + 5*x + 3. Calculate the remainder when w(-6) is divided by l(-6).
7
Let q = -14 + 24. Calculate the remainder when q is divided by (-6)/8 - 27/(